{"id":475,"date":"2016-07-25T14:28:52","date_gmt":"2016-07-25T12:28:52","guid":{"rendered":"https:\/\/www.irissjostrom.com\/?page_id=475"},"modified":"2017-06-26T21:05:42","modified_gmt":"2017-06-26T19:05:42","slug":"stickatknitts","status":"publish","type":"page","link":"https:\/\/www.irissjostrom.com\/?page_id=475","title":{"rendered":"Stickat\/Knits"},"content":{"rendered":"\n\t\t<style type=\"text\/css\">\n\t\t\t#gallery-1 {\n\t\t\t\tmargin: auto;\n\t\t\t}\n\t\t\t#gallery-1 .gallery-item {\n\t\t\t\tfloat: left;\n\t\t\t\tmargin-top: 10px;\n\t\t\t\ttext-align: center;\n\t\t\t\twidth: 33%;\n\t\t\t}\n\t\t\t#gallery-1 img {\n\t\t\t\tborder: 2px solid #cfcfcf;\n\t\t\t}\n\t\t\t#gallery-1 .gallery-caption {\n\t\t\t\tmargin-left: 0;\n\t\t\t}\n\t\t\t\/* see gallery_shortcode() in wp-includes\/media.php *\/\n\t\t<\/style>\n\t\t<div id='gallery-1' class='gallery galleryid-475 gallery-columns-3 gallery-size-full'><dl class='gallery-item'>\n\t\t\t<dt class='gallery-icon landscape'>\n\t\t\t\t<a href='https:\/\/www.irissjostrom.com\/wp-content\/uploads\/2016\/07\/DSC02566.jpg'><img loading=\"lazy\" decoding=\"async\" width=\"1200\" height=\"675\" src=\"https:\/\/www.irissjostrom.com\/wp-content\/uploads\/2016\/07\/DSC02566.jpg\" class=\"attachment-full size-full\" alt=\"\" srcset=\"https:\/\/www.irissjostrom.com\/wp-content\/uploads\/2016\/07\/DSC02566.jpg 1200w, https:\/\/www.irissjostrom.com\/wp-content\/uploads\/2016\/07\/DSC02566-400x225.jpg 400w, https:\/\/www.irissjostrom.com\/wp-content\/uploads\/2016\/07\/DSC02566-768x432.jpg 768w, https:\/\/www.irissjostrom.com\/wp-content\/uploads\/2016\/07\/DSC02566-1024x576.jpg 1024w, https:\/\/www.irissjostrom.com\/wp-content\/uploads\/2016\/07\/DSC02566-1170x658.jpg 1170w\" sizes=\"auto, (max-width: 1200px) 100vw, 1200px\" \/><\/a>\n\t\t\t<\/dt><\/dl><dl class='gallery-item'>\n\t\t\t<dt class='gallery-icon landscape'>\n\t\t\t\t<a href='https:\/\/www.irissjostrom.com\/wp-content\/uploads\/2016\/07\/DSC02574.jpg'><img loading=\"lazy\" decoding=\"async\" width=\"1200\" height=\"675\" src=\"https:\/\/www.irissjostrom.com\/wp-content\/uploads\/2016\/07\/DSC02574.jpg\" class=\"attachment-full size-full\" alt=\"\" srcset=\"https:\/\/www.irissjostrom.com\/wp-content\/uploads\/2016\/07\/DSC02574.jpg 1200w, https:\/\/www.irissjostrom.com\/wp-content\/uploads\/2016\/07\/DSC02574-400x225.jpg 400w, https:\/\/www.irissjostrom.com\/wp-content\/uploads\/2016\/07\/DSC02574-768x432.jpg 768w, https:\/\/www.irissjostrom.com\/wp-content\/uploads\/2016\/07\/DSC02574-1024x576.jpg 1024w, https:\/\/www.irissjostrom.com\/wp-content\/uploads\/2016\/07\/DSC02574-1170x658.jpg 1170w\" sizes=\"auto, (max-width: 1200px) 100vw, 1200px\" \/><\/a>\n\t\t\t<\/dt><\/dl><dl class='gallery-item'>\n\t\t\t<dt class='gallery-icon landscape'>\n\t\t\t\t<a href='https:\/\/www.irissjostrom.com\/wp-content\/uploads\/2016\/07\/DSC02546.jpg'><img loading=\"lazy\" decoding=\"async\" width=\"1200\" height=\"675\" src=\"https:\/\/www.irissjostrom.com\/wp-content\/uploads\/2016\/07\/DSC02546.jpg\" class=\"attachment-full size-full\" alt=\"\" srcset=\"https:\/\/www.irissjostrom.com\/wp-content\/uploads\/2016\/07\/DSC02546.jpg 1200w, https:\/\/www.irissjostrom.com\/wp-content\/uploads\/2016\/07\/DSC02546-400x225.jpg 400w, https:\/\/www.irissjostrom.com\/wp-content\/uploads\/2016\/07\/DSC02546-768x432.jpg 768w, https:\/\/www.irissjostrom.com\/wp-content\/uploads\/2016\/07\/DSC02546-1024x576.jpg 1024w, https:\/\/www.irissjostrom.com\/wp-content\/uploads\/2016\/07\/DSC02546-1170x658.jpg 1170w\" sizes=\"auto, (max-width: 1200px) 100vw, 1200px\" \/><\/a>\n\t\t\t<\/dt><\/dl><br style=\"clear: both\" \/><dl class='gallery-item'>\n\t\t\t<dt class='gallery-icon landscape'>\n\t\t\t\t<a href='https:\/\/www.irissjostrom.com\/wp-content\/uploads\/2016\/07\/DSC06704.jpg'><img loading=\"lazy\" decoding=\"async\" width=\"1200\" height=\"675\" src=\"https:\/\/www.irissjostrom.com\/wp-content\/uploads\/2016\/07\/DSC06704.jpg\" class=\"attachment-full size-full\" alt=\"\" srcset=\"https:\/\/www.irissjostrom.com\/wp-content\/uploads\/2016\/07\/DSC06704.jpg 1200w, https:\/\/www.irissjostrom.com\/wp-content\/uploads\/2016\/07\/DSC06704-400x225.jpg 400w, https:\/\/www.irissjostrom.com\/wp-content\/uploads\/2016\/07\/DSC06704-768x432.jpg 768w, https:\/\/www.irissjostrom.com\/wp-content\/uploads\/2016\/07\/DSC06704-1024x576.jpg 1024w, https:\/\/www.irissjostrom.com\/wp-content\/uploads\/2016\/07\/DSC06704-1170x658.jpg 1170w\" sizes=\"auto, (max-width: 1200px) 100vw, 1200px\" \/><\/a>\n\t\t\t<\/dt><\/dl><dl class='gallery-item'>\n\t\t\t<dt class='gallery-icon landscape'>\n\t\t\t\t<a href='https:\/\/www.irissjostrom.com\/wp-content\/uploads\/2016\/07\/DSC06712.jpg'><img loading=\"lazy\" decoding=\"async\" width=\"1200\" height=\"675\" src=\"https:\/\/www.irissjostrom.com\/wp-content\/uploads\/2016\/07\/DSC06712.jpg\" class=\"attachment-full size-full\" alt=\"\" srcset=\"https:\/\/www.irissjostrom.com\/wp-content\/uploads\/2016\/07\/DSC06712.jpg 1200w, https:\/\/www.irissjostrom.com\/wp-content\/uploads\/2016\/07\/DSC06712-400x225.jpg 400w, https:\/\/www.irissjostrom.com\/wp-content\/uploads\/2016\/07\/DSC06712-768x432.jpg 768w, https:\/\/www.irissjostrom.com\/wp-content\/uploads\/2016\/07\/DSC06712-1024x576.jpg 1024w, https:\/\/www.irissjostrom.com\/wp-content\/uploads\/2016\/07\/DSC06712-1170x658.jpg 1170w\" sizes=\"auto, (max-width: 1200px) 100vw, 1200px\" \/><\/a>\n\t\t\t<\/dt><\/dl><dl class='gallery-item'>\n\t\t\t<dt class='gallery-icon landscape'>\n\t\t\t\t<a href='https:\/\/www.irissjostrom.com\/wp-content\/uploads\/2016\/07\/DSC06717.jpg'><img loading=\"lazy\" decoding=\"async\" width=\"1200\" height=\"675\" src=\"https:\/\/www.irissjostrom.com\/wp-content\/uploads\/2016\/07\/DSC06717.jpg\" class=\"attachment-full size-full\" alt=\"\" srcset=\"https:\/\/www.irissjostrom.com\/wp-content\/uploads\/2016\/07\/DSC06717.jpg 1200w, https:\/\/www.irissjostrom.com\/wp-content\/uploads\/2016\/07\/DSC06717-400x225.jpg 400w, https:\/\/www.irissjostrom.com\/wp-content\/uploads\/2016\/07\/DSC06717-768x432.jpg 768w, https:\/\/www.irissjostrom.com\/wp-content\/uploads\/2016\/07\/DSC06717-1024x576.jpg 1024w, https:\/\/www.irissjostrom.com\/wp-content\/uploads\/2016\/07\/DSC06717-1170x658.jpg 1170w\" sizes=\"auto, (max-width: 1200px) 100vw, 1200px\" \/><\/a>\n\t\t\t<\/dt><\/dl><br style=\"clear: both\" \/><dl class='gallery-item'>\n\t\t\t<dt class='gallery-icon landscape'>\n\t\t\t\t<a href='https:\/\/www.irissjostrom.com\/wp-content\/uploads\/2016\/07\/DSC06726.jpg'><img loading=\"lazy\" decoding=\"async\" width=\"1200\" height=\"675\" src=\"https:\/\/www.irissjostrom.com\/wp-content\/uploads\/2016\/07\/DSC06726.jpg\" class=\"attachment-full size-full\" alt=\"\" srcset=\"https:\/\/www.irissjostrom.com\/wp-content\/uploads\/2016\/07\/DSC06726.jpg 1200w, https:\/\/www.irissjostrom.com\/wp-content\/uploads\/2016\/07\/DSC06726-400x225.jpg 400w, https:\/\/www.irissjostrom.com\/wp-content\/uploads\/2016\/07\/DSC06726-768x432.jpg 768w, https:\/\/www.irissjostrom.com\/wp-content\/uploads\/2016\/07\/DSC06726-1024x576.jpg 1024w, https:\/\/www.irissjostrom.com\/wp-content\/uploads\/2016\/07\/DSC06726-1170x658.jpg 1170w\" sizes=\"auto, (max-width: 1200px) 100vw, 1200px\" \/><\/a>\n\t\t\t<\/dt><\/dl><dl class='gallery-item'>\n\t\t\t<dt class='gallery-icon landscape'>\n\t\t\t\t<a href='https:\/\/www.irissjostrom.com\/wp-content\/uploads\/2016\/07\/DSC06732.jpg'><img loading=\"lazy\" decoding=\"async\" width=\"1200\" height=\"675\" src=\"https:\/\/www.irissjostrom.com\/wp-content\/uploads\/2016\/07\/DSC06732.jpg\" class=\"attachment-full size-full\" alt=\"\" srcset=\"https:\/\/www.irissjostrom.com\/wp-content\/uploads\/2016\/07\/DSC06732.jpg 1200w, https:\/\/www.irissjostrom.com\/wp-content\/uploads\/2016\/07\/DSC06732-400x225.jpg 400w, https:\/\/www.irissjostrom.com\/wp-content\/uploads\/2016\/07\/DSC06732-768x432.jpg 768w, https:\/\/www.irissjostrom.com\/wp-content\/uploads\/2016\/07\/DSC06732-1024x576.jpg 1024w, https:\/\/www.irissjostrom.com\/wp-content\/uploads\/2016\/07\/DSC06732-1170x658.jpg 1170w\" sizes=\"auto, (max-width: 1200px) 100vw, 1200px\" \/><\/a>\n\t\t\t<\/dt><\/dl><dl class='gallery-item'>\n\t\t\t<dt class='gallery-icon landscape'>\n\t\t\t\t<a href='https:\/\/www.irissjostrom.com\/wp-content\/uploads\/2016\/07\/DSC06739.jpg'><img loading=\"lazy\" decoding=\"async\" width=\"1200\" height=\"675\" src=\"https:\/\/www.irissjostrom.com\/wp-content\/uploads\/2016\/07\/DSC06739.jpg\" class=\"attachment-full size-full\" alt=\"\" srcset=\"https:\/\/www.irissjostrom.com\/wp-content\/uploads\/2016\/07\/DSC06739.jpg 1200w, https:\/\/www.irissjostrom.com\/wp-content\/uploads\/2016\/07\/DSC06739-400x225.jpg 400w, https:\/\/www.irissjostrom.com\/wp-content\/uploads\/2016\/07\/DSC06739-768x432.jpg 768w, https:\/\/www.irissjostrom.com\/wp-content\/uploads\/2016\/07\/DSC06739-1024x576.jpg 1024w, https:\/\/www.irissjostrom.com\/wp-content\/uploads\/2016\/07\/DSC06739-1170x658.jpg 1170w\" sizes=\"auto, (max-width: 1200px) 100vw, 1200px\" \/><\/a>\n\t\t\t<\/dt><\/dl><br style=\"clear: both\" \/><dl class='gallery-item'>\n\t\t\t<dt class='gallery-icon landscape'>\n\t\t\t\t<a href='https:\/\/www.irissjostrom.com\/wp-content\/uploads\/2016\/07\/DSC06745.jpg'><img loading=\"lazy\" decoding=\"async\" width=\"1200\" height=\"675\" src=\"https:\/\/www.irissjostrom.com\/wp-content\/uploads\/2016\/07\/DSC06745.jpg\" class=\"attachment-full size-full\" alt=\"\" srcset=\"https:\/\/www.irissjostrom.com\/wp-content\/uploads\/2016\/07\/DSC06745.jpg 1200w, https:\/\/www.irissjostrom.com\/wp-content\/uploads\/2016\/07\/DSC06745-400x225.jpg 400w, https:\/\/www.irissjostrom.com\/wp-content\/uploads\/2016\/07\/DSC06745-768x432.jpg 768w, https:\/\/www.irissjostrom.com\/wp-content\/uploads\/2016\/07\/DSC06745-1024x576.jpg 1024w, https:\/\/www.irissjostrom.com\/wp-content\/uploads\/2016\/07\/DSC06745-1170x658.jpg 1170w\" sizes=\"auto, (max-width: 1200px) 100vw, 1200px\" \/><\/a>\n\t\t\t<\/dt><\/dl><dl class='gallery-item'>\n\t\t\t<dt class='gallery-icon landscape'>\n\t\t\t\t<a href='https:\/\/www.irissjostrom.com\/wp-content\/uploads\/2016\/07\/DSC06761.jpg'><img loading=\"lazy\" decoding=\"async\" width=\"1200\" height=\"675\" src=\"https:\/\/www.irissjostrom.com\/wp-content\/uploads\/2016\/07\/DSC06761.jpg\" class=\"attachment-full size-full\" alt=\"\" srcset=\"https:\/\/www.irissjostrom.com\/wp-content\/uploads\/2016\/07\/DSC06761.jpg 1200w, https:\/\/www.irissjostrom.com\/wp-content\/uploads\/2016\/07\/DSC06761-400x225.jpg 400w, https:\/\/www.irissjostrom.com\/wp-content\/uploads\/2016\/07\/DSC06761-768x432.jpg 768w, https:\/\/www.irissjostrom.com\/wp-content\/uploads\/2016\/07\/DSC06761-1024x576.jpg 1024w, https:\/\/www.irissjostrom.com\/wp-content\/uploads\/2016\/07\/DSC06761-1170x658.jpg 1170w\" sizes=\"auto, (max-width: 1200px) 100vw, 1200px\" \/><\/a>\n\t\t\t<\/dt><\/dl><dl class='gallery-item'>\n\t\t\t<dt class='gallery-icon landscape'>\n\t\t\t\t<a href='https:\/\/www.irissjostrom.com\/wp-content\/uploads\/2016\/07\/DSC06766.jpg'><img loading=\"lazy\" decoding=\"async\" width=\"1200\" height=\"675\" src=\"https:\/\/www.irissjostrom.com\/wp-content\/uploads\/2016\/07\/DSC06766.jpg\" class=\"attachment-full size-full\" alt=\"\" srcset=\"https:\/\/www.irissjostrom.com\/wp-content\/uploads\/2016\/07\/DSC06766.jpg 1200w, https:\/\/www.irissjostrom.com\/wp-content\/uploads\/2016\/07\/DSC06766-400x225.jpg 400w, https:\/\/www.irissjostrom.com\/wp-content\/uploads\/2016\/07\/DSC06766-768x432.jpg 768w, https:\/\/www.irissjostrom.com\/wp-content\/uploads\/2016\/07\/DSC06766-1024x576.jpg 1024w, https:\/\/www.irissjostrom.com\/wp-content\/uploads\/2016\/07\/DSC06766-1170x658.jpg 1170w\" sizes=\"auto, (max-width: 1200px) 100vw, 1200px\" \/><\/a>\n\t\t\t<\/dt><\/dl><br style=\"clear: both\" \/><dl class='gallery-item'>\n\t\t\t<dt class='gallery-icon landscape'>\n\t\t\t\t<a href='https:\/\/www.irissjostrom.com\/wp-content\/uploads\/2016\/07\/DSC06772-1.jpg'><img loading=\"lazy\" decoding=\"async\" width=\"1200\" height=\"675\" src=\"https:\/\/www.irissjostrom.com\/wp-content\/uploads\/2016\/07\/DSC06772-1.jpg\" class=\"attachment-full size-full\" alt=\"\" srcset=\"https:\/\/www.irissjostrom.com\/wp-content\/uploads\/2016\/07\/DSC06772-1.jpg 1200w, https:\/\/www.irissjostrom.com\/wp-content\/uploads\/2016\/07\/DSC06772-1-400x225.jpg 400w, https:\/\/www.irissjostrom.com\/wp-content\/uploads\/2016\/07\/DSC06772-1-768x432.jpg 768w, https:\/\/www.irissjostrom.com\/wp-content\/uploads\/2016\/07\/DSC06772-1-1024x576.jpg 1024w, https:\/\/www.irissjostrom.com\/wp-content\/uploads\/2016\/07\/DSC06772-1-1170x658.jpg 1170w\" sizes=\"auto, (max-width: 1200px) 100vw, 1200px\" \/><\/a>\n\t\t\t<\/dt><\/dl>\n\t\t\t<br style='clear: both' \/>\n\t\t<\/div>\n\n<p>Iris stickor sockor f\u00f6r alla \u00e5ldrar och i alla storlekar, fr\u00e5n sm\u00e5 babysockor till herrsockor. Garnet hon anv\u00e4nder \u00e4r 100% ylle eller ylle med polyamid. Sockorna finns i m\u00e5nga olika f\u00e4rger. Ut\u00f6ver sockor stickar Iris \u00e4ven m\u00f6ssor och vantar. Iris produkter s\u00e4ljs i <a href=\"https:\/\/www.facebook.com\/nellysartetcraft\/\" target=\"_blank\" rel=\"noopener\">Nelly\u00b4s Art &amp; Craft<\/a>\u00a0butik i Borg\u00e5 eller p\u00e5 best\u00e4llning.<\/p>\n<p>Iris is knitting socks for people in all ages and sizes, from smallest babysocks to large mensocks. The material is 100% wool or wool yarn with polyamide. The socks are made in many different colors. Besides socks, Iris is also knitting caps and gloves. Iris products are sold in <a href=\"https:\/\/www.facebook.com\/nellysartetcraft\/\" target=\"_blank\" rel=\"noopener\">Nelly\u00b4s Art &amp; Craft<\/a>\u00a0shop in Borg\u00e5 or by order.<\/p>\n","protected":false},"excerpt":{"rendered":"<p>Iris stickor sockor f\u00f6r alla \u00e5ldrar och i alla storlekar, fr\u00e5n sm\u00e5 babysockor till herrsockor. Garnet hon anv\u00e4nder \u00e4r 100% ylle eller ylle med polyamid. Sockorna finns i m\u00e5nga olika f\u00e4rger. Ut\u00f6ver sockor stickar Iris \u00e4ven m\u00f6ssor och vantar. Iris produkter s\u00e4ljs i Nelly\u00b4s Art &amp; Craft\u00a0butik i Borg\u00e5 eller p\u00e5 best\u00e4llning. Iris is knitting socks for people in all ages and sizes, from smallest babysocks to large mensocks. The material is 100% wool or wool yarn with polyamide. The socks are made in many different colors. Besides socks, Iris is also knitting caps and gloves. Iris products are sold in Nelly\u00b4s Art &amp; Craft\u00a0shop in Borg\u00e5 or by order.<\/p>\n","protected":false},"author":1,"featured_media":0,"parent":0,"menu_order":0,"comment_status":"closed","ping_status":"closed","template":"","meta":{"footnotes":""},"class_list":["post-475","page","type-page","status-publish","hentry"],"_links":{"self":[{"href":"https:\/\/www.irissjostrom.com\/index.php?rest_route=\/wp\/v2\/pages\/475","targetHints":{"allow":["GET"]}}],"collection":[{"href":"https:\/\/www.irissjostrom.com\/index.php?rest_route=\/wp\/v2\/pages"}],"about":[{"href":"https:\/\/www.irissjostrom.com\/index.php?rest_route=\/wp\/v2\/types\/page"}],"author":[{"embeddable":true,"href":"https:\/\/www.irissjostrom.com\/index.php?rest_route=\/wp\/v2\/users\/1"}],"replies":[{"embeddable":true,"href":"https:\/\/www.irissjostrom.com\/index.php?rest_route=%2Fwp%2Fv2%2Fcomments&post=475"}],"version-history":[{"count":13,"href":"https:\/\/www.irissjostrom.com\/index.php?rest_route=\/wp\/v2\/pages\/475\/revisions"}],"predecessor-version":[{"id":806,"href":"https:\/\/www.irissjostrom.com\/index.php?rest_route=\/wp\/v2\/pages\/475\/revisions\/806"}],"wp:attachment":[{"href":"https:\/\/www.irissjostrom.com\/index.php?rest_route=%2Fwp%2Fv2%2Fmedia&parent=475"}],"curies":[{"name":"wp","href":"https:\/\/api.w.org\/{rel}","templated":true}]}}